 = -5*t + 20, -4*t - q + 13 = 0. Let l = -200 + 212. Suppose l = y + t*y. Is y composite?
False
Let m be 5/((-60)/63)*(-2 - -10). Let u be m/(-6) + (0 - 1). Suppose -u*j + 9*j = 627. Is j composite?
True
Suppose -5*z + 580330 = -3*k, 0 = 5*k + 15 - 40. Is z composite?
True
Let u = 141 - 137. Suppose 4*z - 38645 = -d, -u*z + 38648 = 10*d - 6*d. Is z prime?
True
Let l(m) = -32*m**3 - 11*m**2 + 27*m + 119. Is l(-19) a composite number?
False
Is (-29 - 793935/(-10))/(-1 + (-3)/(-2)) prime?
False
Let o = -4204 + 27923. Is o prime?
True
Let t = 17439 - 1256. Is t prime?
True
Let o(d) be the second derivative of 133*d**4/3 - 10*d**3/3 - 29*d**2/2 + 17*d - 2. Is o(-4) composite?
False
Suppose -5*f + 248813 = -n, 2*f + 3*n + 50922 = 150454. Is f composite?
True
Let w = -397 - -401. Suppose l - 3*z - 1172 = 2*z, -w*z = l - 1145. Is l composite?
True
Suppose 3*l + 3 = 0, -3*b + 2*b + 6068 = -5*l. Let o = b - -3470. Is o composite?
False
Let g be -1*(-13)/(-1 + 2). Let p = -1660 + 2001. Suppose -g*y + p = -2*y. Is y composite?
False
Suppose 4*q + 4*u = -20, -4*q + 2*u - 25 = 7*u. Suppose 4*o - 7173 - 8111 = q. Is o a composite number?
False
Let y = 70 + -6. Let l = y - 64. Suppose l = -3*i - t - 0*t + 2011, 0 = 2*i + 4*t - 1354. Is i a prime number?
False
Let k(i) = -i**3 + 18*i**2 - 10*i + 24. Let h(d) = -d**3 + 17*d**2 - 10*d + 23. Let b(n) = 5*h(n) - 4*k(n). Let j = -29 - -35. Is b(j) a prime number?
True
Suppose -50*s - 16*s = -18758652. Is s composite?
True
Let p(w) = 198*w + 2. Let b(z) = -99*z - 1. Let a(m) = 7*b(m) + 4*p(m). Let h be 13 - (5 - (-16)/4). Is a(h) a composite number?
False
Let j(w) be the third derivative of -1/60*w**6 + 1/10*w**5 + 0*w + 7/24*w**4 + 7/3*w**3 + 3*w**2 + 0. Is j(-5) a composite number?
False
Suppose 0 = -2*l + 379 - 2411. Suppose -x - 8 + 20 = 0. Is (l/x)/((-2)/3) prime?
True
Let d(b) = 3*b**3 - b**2 + b - 1. Let p be d(1). Suppose -3*c + 16 = 4*v, -3*v = c - 4 - 3. Suppose 0 = -c*t, 2*l - p*t = -2*l + 708. Is l composite?
True
Let o = 396 + -333. Suppose 0 = -o*n + 78*n - 30795. Is n prime?
True
Let x = 253 + 1821. Let u be 510/135 + ((-4)/(-9))/2. Suppose u*n - 6*n = -x. Is n a composite number?
True
Let c = -132961 - -290788. Is c composite?
True
Suppose -4*q + 7*c = 12*c - 44293375, 5*c = 4*q - 44293345. Is (q/(-45))/(-4) + 20/45 a composite number?
False
Let q = -134935 - -279549. Is q a prime number?
False
Let o = -167136 - -252827. Is o composite?
False
Let s(t) = -5*t**2 + 3*t + 2. Let y be s(1). Suppose h - 1082 = 3*p, y*h + 3*h - 3246 = 5*p. Is h prime?
False
Let h(s) = -2*s**3 + 11*s**2 - 4*s - 3. Let g be h(4). Suppose -g*i = -13*i - 98320. Is i a composite number?
True
Let t(i) be the third derivative of 917*i**4/24 - 31*i**3/6 + 21*i**2. Is t(6) a prime number?
True
Let t be (-4*6/21)/(4/(-14)). Suppose -2*z + 4*d = -4906, -7368 = -t*z + z + 3*d. Is z a prime number?
True
Suppose -3*m - 28515 = -8*m. Suppose 0 = -2*j - 5*v - m, 3*v + 14210 = -5*j - 0*v. Is 1*(0 + (4 - 0) - j) a prime number?
True
Let g(v) = -v**3 + 2*v**2 + 2*v + 1465. Suppose -4 = 4*b - 4*s + 20, 5*b - 4*s = -26. Let k(p) = 8*p + 16. Let x be k(b). Is g(x) a prime number?
False
Suppose 11*d = -409337 + 1524990. Is d prime?
False
Let m = -602 + 2569. Is m composite?
True
Let y = -30 + 38. Let g(u) = 4*u**2 - u. Let l be g(y). Suppose 8*v - l = 2736. Is v a composite number?
False
Suppose -26 = b + 25. Let g = b + 60. Suppose g*j = j + 13368. Is j prime?
False
Let i = 90 + -67. Suppose -h + j + 7 = 0, -3*h + i = -j - 4*j. Let g(b) = 10*b**2 - 6*b - 5. Is g(h) composite?
True
Let a(r) = 12133*r**2 - 11*r - 1. Is a(3) a prime number?
False
Let t be 559/2*194/1. Suppose -t = -4*u - 5631. Suppose -17*s - u = -21*s. Is s a composite number?
False
Suppose 0 = -43*r - 943286 + 5391679. Is r composite?
False
Is 37489 + -6 + (-10 - -10)/(-1 + 2) composite?
False
Suppose 48*f - 1759347 = 1026263 + 5805766. Is f a composite number?
False
Let h(v) = v**2 + 4*v - 5. Let c be h(-5). Suppose 0 = -3*s - c*s + 18. Suppose 163 = 7*k - s*k. Is k prime?
True
Suppose -125*a + 5201062 + 573063 = 0. Is a composite?
True
Suppose r + 2*o = 265575, 185*r - 531136 = 183*r - 2*o. Is r prime?
True
Suppose -17 = -p - 4*f, -7*f + 4*f - 1 = -2*p. Is p/(75/(-3890))*15/(-2) composite?
True
Let v be (-3)/(2/2*-1). Suppose f - v*f = -42. Is (14/f)/(7276/(-3639) + 2) a prime number?
True
Suppose 993*l + 118862390 = 1223*l. Is l composite?
False
Suppose -4*x - 5*q = -x - 19673, -3*x = 4*q - 19675. Let o = -3970 + x. Is o a prime number?
True
Let z be (-5689)/2*2*-1. Let k be 2/(-10) + z/(-5). Is (6 - 4) + -1 - k a prime number?
False
Let s(d) = -d**3 + d**2 + d - 2. Let k(v) = -18*v**3 + 2*v**2 - v + 2. Let g(i) = k(i) - 2*s(i). Let n(t) = t + 4. Let u be n(-7). Is g(u) prime?
False
Let m = -95 + 112. Suppose -3*z - 4 = -6*z - 5*s, 2*s + m = 5*z. Suppose h + 3*p = 146 + 140, -12 = z*p. Is h composite?
True
Let m = -64498 - -205091. Is m a composite number?
False
Suppose -5*o - 2*z = -79 - 131, 3*z + 145 = 4*o. Suppose -36*k + o*k = 36. Is (-3876)/(-9) - (6/k)/(-2) composite?
False
Suppose -3 = 6*j - 33. Suppose 4*q = j*p - 12155, -7*p - 5*q + 2460 = -6*p. Is p prime?
False
Let s(t) = 5*t - 24. Suppose -2*u = -7*u - 25. Let i(j) = j - 1. Let q(y) = u*i(y) - s(y). Is q(-9) a prime number?
False
Let w(s) = -s**3 - 24*s**2 + 20*s - 90. Let c = -363 - -338. Is w(c) a composite number?
True
Let w be 68/1 + (-4 - -4). Suppose 0 = -4*n - w - 440. Is n*5/(-3)*3 prime?
False
Suppose -4*c = 4*q - 8060, 5*c = -158*q + 163*q - 10135. Is q prime?
False
Is 5 - (18/(-15) + 110143176/(-195)) composite?
True
Let u = 154510 + 52155. Is u prime?
False
Let w be (1/3*-3148)/(10/(-15)). Suppose 0 = -o + s + w, 3818 + 4022 = 5*o + s. Is o composite?
True
Let j(t) = t + 10. Let x be j(12). Suppose -x = 15*k - 4*k. Is (-6)/9 - (10892/6)/k a composite number?
False
Suppose 59*x - 91*x + 45*x = 870259. Is x prime?
True
Let a(w) = -211*w**3 - 2*w + 1. Let i(l) = -12*l + l - 12 - 11*l**2 + 2*l**3 - 3*l**3 + 0*l**3. Let x be i(-10). Is a(x) composite?
False
Is 25/10 + 8929677/114 a composite number?
True
Let x = -83 - -210. Suppose 315 = -4*u + x. Is (-7)/14 - u/4*74 a composite number?
True
Let b(y) = 29*y**3 + 6*y**2 + 96*y - 25. Is b(6) a prime number?
False
Suppose -39 = -40*p + 41*p. Is ((-3631)/(-5))/(p/(-195)) composite?
False
Suppose -11*s = 5*b - 13*s - 2, 2*b - 5*s = -16. Suppose b*o - 6*o = -27884. Is o prime?
True
Let y(k) = 6*k**3 - 6*k**2 - 12*k + 17. Let q be 456/56 - (-2)/(-14). Is y(q) a composite number?
False
Let o(b) = -25*b**2 + 105*b - 195. Let c(z) = -2*z**2 + 8*z - 15. Let h(r) = -2*r**2 - 7*r + 9. Let t be h(-7). Let u(a) = t*c(a) + 3*o(a). Is u(8) prime?
False
Let j = -6296 + 40601. Let m = -22948 + j. Is m a prime number?
False
Let i(t) be the second derivative of -1/12*t**4 - t + 73*t**2 + 1/6*t**3 + 0. Is i(0) composite?
True
Let s = -10 + 15. Suppose -30 = -s*a + 4*x, -3*x + 20 = -7*x. Suppose 3*z - 614 = -a*p, 1228 = 4*p - 0*z - z. Is p a prime number?
True
Let s = 4344 + -2415. Is s prime?
False
Suppose 52291 = 7*f - 24807. Suppose 2*h - f = -1740. Is h a composite number?
False
Let r = -86 + 90. Suppose r*q + 1830 = 14*q. Is q a prime number?
False
Suppose 1577471 = 8*w + 979253 - 1250830. Is w a composite number?
False
Let j(i) = -23*i**3 + 17*i**2 - 42*i - 29. Is j(-10) composite?
True
Let w(o) = o**3 + 22*o**2 + 11*o - 37. Suppose -2*g + 0*g = f - 71, -3*g + 2*f = -89. Let u = -51 + g. Is w(u) a prime number?
True
Suppose -14362 = -83*g + 82*g. Let f = g - 9101. Is f prime?
True
Is 1150685*(159/(-583) + (3 - (-417)/(-165))) a composite number?
False
Let b = -277966 + 596945. Is b a prime number?
True
Let m(r) = -r + 7. Let c(g) = -1447*g + 218. Let v(d) = c(d) + 2*m(d). Is v(-5) a composite number?
False
Let r(j) = -225*j**2 - 39*j. Let a be r(4). Let s = a + 10927. Is s composite?
True
Let o = 95550 - 55183. Is o a prime number?
False
Let a(p) be the second derivative of 199*p**5/30 + p**4/4 - p**3 - 27*p**2/2 + 14*p. Let m(h) be the first derivative of a(h). Is m(1) a composite number?
True
Suppose 5*z = -m + 1625320, -975209 = 17*z - 20*z - 4*m. Is z composite?
False
Let k = 22256 + 1601. Is k composite?
False
Suppose -3*q - 2342717 = -0*q - 16*q. Is q prime?
Fal